{"id":18838,"date":"2020-09-07T20:24:10","date_gmt":"2020-09-07T23:24:10","guid":{"rendered":"http:\/\/cesearadeluzsjc.org.br\/?page_id=18838"},"modified":"2020-09-07T20:24:11","modified_gmt":"2020-09-07T23:24:11","slug":"mep","status":"publish","type":"page","link":"http:\/\/cesearadeluzsjc.org.br\/index.php\/mep\/","title":{"rendered":"MEP"},"content":{"rendered":"\n<div class=\"wp-block-media-text alignwide is-stacked-on-mobile\" style=\"grid-template-columns:38% auto\"><figure class=\"wp-block-media-text__media\"><img loading=\"lazy\" decoding=\"async\" width=\"666\" height=\"666\" src=\"http:\/\/cesearadeluzsjc.org.br\/site2\/wp-content\/uploads\/2020\/09\/MEP.jpg\" alt=\"\" class=\"wp-image-18839\" srcset=\"http:\/\/cesearadeluzsjc.org.br\/site2\/wp-content\/uploads\/2020\/09\/MEP.jpg 666w, http:\/\/cesearadeluzsjc.org.br\/site2\/wp-content\/uploads\/2020\/09\/MEP-300x300.jpg 300w, http:\/\/cesearadeluzsjc.org.br\/site2\/wp-content\/uploads\/2020\/09\/MEP-150x150.jpg 150w\" sizes=\"(max-width: 666px) 100vw, 666px\" \/><\/figure><div class=\"wp-block-media-text__content\">\n<p>Este programa tem como objetivo estudar met\u00f3dica, cont\u00ednua e seriamente a teoria e pr\u00e1tica da mediunidade. Objetiva tamb\u00e9m favorecer o desenvolvimento e a educa\u00e7\u00e3o das faculdades medi\u00fanicas do candidato \u00e0 pr\u00e1tica medi\u00fanica.<br>\u00c9 constitu\u00eddo de dois programas de estudo: <\/p>\n\n\n\n<ul><li>Programa I: destina-se \u00e0 forma\u00e7\u00e3o do trabalhador esp\u00edrita em geral, independentemente de a pessoa possuir mediunidade ativa ou pretender integrar-se ao grupo medi\u00fanico, no futuro;<\/li><li>Programa II: focaliza aspectos fundamentais relacionados \u00e0 pr\u00e1tica medi\u00fanica, propriamente dita, usual no centro esp\u00edrita.<\/li><\/ul>\n<\/div><\/div>\n","protected":false},"excerpt":{"rendered":"<p>Este programa tem como objetivo estudar met\u00f3dica, cont\u00ednua e seriamente a teoria e pr\u00e1tica da mediunidade. Objetiva tamb\u00e9m favorecer o desenvolvimento e a educa\u00e7\u00e3o das faculdades medi\u00fanicas do candidato \u00e0 pr\u00e1tica medi\u00fanica.\u00c9 constitu\u00eddo de dois programas de estudo: Programa I: destina-se \u00e0 forma\u00e7\u00e3o do trabalhador esp\u00edrita em geral, independentemente de a pessoa possuir mediunidade ativa ou pretender integrar-se ao grupo &#8230; <a title=\"MEP\" class=\"read-more\" href=\"http:\/\/cesearadeluzsjc.org.br\/index.php\/mep\/\" aria-label=\"Read more about MEP\">Read More<\/a><\/p>\n","protected":false},"author":1,"featured_media":0,"parent":0,"menu_order":0,"comment_status":"closed","ping_status":"closed","template":"","meta":{"footnotes":""},"_links":{"self":[{"href":"http:\/\/cesearadeluzsjc.org.br\/index.php\/wp-json\/wp\/v2\/pages\/18838"}],"collection":[{"href":"http:\/\/cesearadeluzsjc.org.br\/index.php\/wp-json\/wp\/v2\/pages"}],"about":[{"href":"http:\/\/cesearadeluzsjc.org.br\/index.php\/wp-json\/wp\/v2\/types\/page"}],"author":[{"embeddable":true,"href":"http:\/\/cesearadeluzsjc.org.br\/index.php\/wp-json\/wp\/v2\/users\/1"}],"replies":[{"embeddable":true,"href":"http:\/\/cesearadeluzsjc.org.br\/index.php\/wp-json\/wp\/v2\/comments?post=18838"}],"version-history":[{"count":1,"href":"http:\/\/cesearadeluzsjc.org.br\/index.php\/wp-json\/wp\/v2\/pages\/18838\/revisions"}],"predecessor-version":[{"id":18840,"href":"http:\/\/cesearadeluzsjc.org.br\/index.php\/wp-json\/wp\/v2\/pages\/18838\/revisions\/18840"}],"wp:attachment":[{"href":"http:\/\/cesearadeluzsjc.org.br\/index.php\/wp-json\/wp\/v2\/media?parent=18838"}],"curies":[{"name":"wp","href":"https:\/\/api.w.org\/{rel}","templated":true}]}}

<div class="wp-block-media-text alignwide is-stacked-on-mobile" style="grid-template-columns:38% auto"><figure class="wp-block-media-text__media"><img loading="lazy" decoding="async" width="666" height="666" src="http://cesearadeluzsjc.org.br/site2/wp-content/uploads/2020/09/MEP.jpg" alt="" class="wp-image-18839" srcset="http://cesearadeluzsjc.org.br/site2/wp-content/uploads/2020/09/MEP.jpg 666w, http://cesearadeluzsjc.org.br/site2/wp-content/uploads/2020/09/MEP-300x300.jpg 300w, http://cesearadeluzsjc.org.br/site2/wp-content/uploads/2020/09/MEP-150x150.jpg 150w" sizes="(max-width: 666px) 100vw, 666px" /></figure><div class="wp-block-media-text__content">
<p>Este programa tem como objetivo estudar metódica, contínua e seriamente a teoria e prática da mediunidade. Objetiva também favorecer o desenvolvimento e a educação das faculdades mediúnicas do candidato à prática mediúnica.<br>É constituído de dois programas de estudo: </p>



<ul><li>Programa I: destina-se à formação do trabalhador espírita em geral, independentemente de a pessoa possuir mediunidade ativa ou pretender integrar-se ao grupo mediúnico, no futuro;</li><li>Programa II: focaliza aspectos fundamentais relacionados à prática mediúnica, propriamente dita, usual no centro espírita.</li></ul>
</div></div>

<p>Este programa tem como objetivo estudar metódica, contínua e seriamente a teoria e prática da mediunidade. Objetiva também favorecer o desenvolvimento e a educação das faculdades mediúnicas do candidato à prática mediúnica.É constituído de dois programas de estudo: Programa I: destina-se à formação do trabalhador espírita em geral, independentemente de a pessoa possuir mediunidade ativa ou pretender integrar-se ao grupo &#8230; <a title="MEP" class="read-more" href="http://cesearadeluzsjc.org.br/index.php/mep/" aria-label="Read more about MEP">Read More</a></p>
