{"id":18797,"date":"2020-07-24T20:10:26","date_gmt":"2020-07-24T23:10:26","guid":{"rendered":"http:\/\/cesearadeluzsjc.org.br\/?page_id=18797"},"modified":"2020-07-24T20:10:26","modified_gmt":"2020-07-24T23:10:26","slug":"bazar","status":"publish","type":"page","link":"http:\/\/cesearadeluzsjc.org.br\/index.php\/bazar\/","title":{"rendered":"Bazar"},"content":{"rendered":"\n<div class=\"wp-block-media-text alignwide is-stacked-on-mobile\" style=\"grid-template-columns:42% auto\"><figure class=\"wp-block-media-text__media\"><img loading=\"lazy\" decoding=\"async\" width=\"1024\" height=\"1024\" src=\"http:\/\/cesearadeluzsjc.org.br\/site2\/wp-content\/uploads\/2020\/07\/Bazar01-1024x1024.jpeg\" alt=\"\" class=\"wp-image-18798\" srcset=\"http:\/\/cesearadeluzsjc.org.br\/site2\/wp-content\/uploads\/2020\/07\/Bazar01-1024x1024.jpeg 1024w, http:\/\/cesearadeluzsjc.org.br\/site2\/wp-content\/uploads\/2020\/07\/Bazar01-300x300.jpeg 300w, http:\/\/cesearadeluzsjc.org.br\/site2\/wp-content\/uploads\/2020\/07\/Bazar01-150x150.jpeg 150w, http:\/\/cesearadeluzsjc.org.br\/site2\/wp-content\/uploads\/2020\/07\/Bazar01-768x768.jpeg 768w, http:\/\/cesearadeluzsjc.org.br\/site2\/wp-content\/uploads\/2020\/07\/Bazar01.jpeg 1280w\" sizes=\"(max-width: 1024px) 100vw, 1024px\" \/><\/figure><div class=\"wp-block-media-text__content\">\n<p class=\"has-medium-font-size\">Nosso bazar recebe qualquer doa\u00e7\u00e3o que esteja em bom estado de conserva\u00e7\u00e3o. Toda a renda \u00e9 direcionada ao Cesel.<br><br>Atualmente estamos trabalhando com hora marcada. Atendemos um cliente por vez.<br><br>Para maiores informa\u00e7\u00f5es ligue: 12 981957123 Cida.<\/p>\n<\/div><\/div>\n\n\n\n<p><\/p>\n","protected":false},"excerpt":{"rendered":"<p>Nosso bazar recebe qualquer doa\u00e7\u00e3o que esteja em bom estado de conserva\u00e7\u00e3o. Toda a renda \u00e9 direcionada ao Cesel. Atualmente estamos trabalhando com hora marcada. Atendemos um cliente por vez. Para maiores informa\u00e7\u00f5es ligue: 12 981957123 Cida.<\/p>\n","protected":false},"author":1,"featured_media":0,"parent":0,"menu_order":0,"comment_status":"closed","ping_status":"closed","template":"","meta":{"footnotes":""},"_links":{"self":[{"href":"http:\/\/cesearadeluzsjc.org.br\/index.php\/wp-json\/wp\/v2\/pages\/18797"}],"collection":[{"href":"http:\/\/cesearadeluzsjc.org.br\/index.php\/wp-json\/wp\/v2\/pages"}],"about":[{"href":"http:\/\/cesearadeluzsjc.org.br\/index.php\/wp-json\/wp\/v2\/types\/page"}],"author":[{"embeddable":true,"href":"http:\/\/cesearadeluzsjc.org.br\/index.php\/wp-json\/wp\/v2\/users\/1"}],"replies":[{"embeddable":true,"href":"http:\/\/cesearadeluzsjc.org.br\/index.php\/wp-json\/wp\/v2\/comments?post=18797"}],"version-history":[{"count":6,"href":"http:\/\/cesearadeluzsjc.org.br\/index.php\/wp-json\/wp\/v2\/pages\/18797\/revisions"}],"predecessor-version":[{"id":18804,"href":"http:\/\/cesearadeluzsjc.org.br\/index.php\/wp-json\/wp\/v2\/pages\/18797\/revisions\/18804"}],"wp:attachment":[{"href":"http:\/\/cesearadeluzsjc.org.br\/index.php\/wp-json\/wp\/v2\/media?parent=18797"}],"curies":[{"name":"wp","href":"https:\/\/api.w.org\/{rel}","templated":true}]}}