{"id":18680,"date":"2020-07-06T20:58:53","date_gmt":"2020-07-06T23:58:53","guid":{"rendered":"http:\/\/cesearadeluzsjc.org.br\/site2\/?page_id=18680"},"modified":"2023-03-10T16:09:54","modified_gmt":"2023-03-10T19:09:54","slug":"messel","status":"publish","type":"page","link":"http:\/\/cesearadeluzsjc.org.br\/index.php\/messel\/","title":{"rendered":"MESSEL &#8211; Mocidade Esp\u00edrita seara de luz"},"content":{"rendered":"\n<div style=\"height:60px\" aria-hidden=\"true\" class=\"wp-block-spacer\"><\/div>\n\n\n<div class=\"wp-block-image\">\n<figure class=\"aligncenter size-large is-resized\"><img loading=\"lazy\" decoding=\"async\" src=\"http:\/\/cesearadeluzsjc.org.br\/site2\/wp-content\/uploads\/2023\/03\/Mocidade-1024x1024.jpg\" alt=\"\" class=\"wp-image-19045\" width=\"429\" height=\"429\" srcset=\"http:\/\/cesearadeluzsjc.org.br\/site2\/wp-content\/uploads\/2023\/03\/Mocidade.jpg 1024w, http:\/\/cesearadeluzsjc.org.br\/site2\/wp-content\/uploads\/2023\/03\/Mocidade-300x300.jpg 300w, http:\/\/cesearadeluzsjc.org.br\/site2\/wp-content\/uploads\/2023\/03\/Mocidade-150x150.jpg 150w, http:\/\/cesearadeluzsjc.org.br\/site2\/wp-content\/uploads\/2023\/03\/Mocidade-768x768.jpg 768w\" sizes=\"(max-width: 429px) 100vw, 429px\" \/><\/figure><\/div>\n\n\n<div class=\"wp-block-media-text alignwide is-stacked-on-mobile\"><figure class=\"wp-block-media-text__media\"><img loading=\"lazy\" decoding=\"async\" width=\"1024\" height=\"768\" src=\"http:\/\/cesearadeluzsjc.org.br\/site2\/wp-content\/uploads\/2020\/07\/mocidade-5-1024x768.jpeg\" alt=\"\" class=\"wp-image-18685 size-full\" srcset=\"http:\/\/cesearadeluzsjc.org.br\/site2\/wp-content\/uploads\/2020\/07\/mocidade-5-1024x768.jpeg 1024w, http:\/\/cesearadeluzsjc.org.br\/site2\/wp-content\/uploads\/2020\/07\/mocidade-5-300x225.jpeg 300w, http:\/\/cesearadeluzsjc.org.br\/site2\/wp-content\/uploads\/2020\/07\/mocidade-5-768x576.jpeg 768w, http:\/\/cesearadeluzsjc.org.br\/site2\/wp-content\/uploads\/2020\/07\/mocidade-5.jpeg 1280w\" sizes=\"(max-width: 1024px) 100vw, 1024px\" \/><\/figure><div class=\"wp-block-media-text__content\">\n<p class=\"has-medium-font-size\"><strong>A Mocidade esp\u00edrita tem a finalidade de se reunir e estudar a Doutrina Esp\u00edrita de Kardec e temas da atualidade \u00e0 luz do espiritismo. Esse grupo conhecido como MESSEL (Mocidade Esp\u00edrita Seara de Luz), \u00e9 um departamento do Centro Esp\u00edrita Seara de Luz, no qual realiza encontros de estudos e desenvolve tarefas em prol do Centro e do desenvolvimento pessoal e forma\u00e7\u00e3o moral. Buscando praticar os preceitos de Jesus, a Mocidade interage no meio-social e desenvolve atividades que atendam aos interesses e necessidades do jovem que dela participa.<\/strong><\/p>\n<\/div><\/div>\n\n\n\n<div class=\"wp-block-media-text alignwide is-stacked-on-mobile\"><figure class=\"wp-block-media-text__media\"><img loading=\"lazy\" decoding=\"async\" width=\"1024\" height=\"768\" src=\"http:\/\/cesearadeluzsjc.org.br\/site2\/wp-content\/uploads\/2020\/07\/mocidade-2-1024x768.jpeg\" alt=\"\" class=\"wp-image-18682 size-full\" srcset=\"http:\/\/cesearadeluzsjc.org.br\/site2\/wp-content\/uploads\/2020\/07\/mocidade-2-1024x768.jpeg 1024w, http:\/\/cesearadeluzsjc.org.br\/site2\/wp-content\/uploads\/2020\/07\/mocidade-2-300x225.jpeg 300w, http:\/\/cesearadeluzsjc.org.br\/site2\/wp-content\/uploads\/2020\/07\/mocidade-2-768x576.jpeg 768w, http:\/\/cesearadeluzsjc.org.br\/site2\/wp-content\/uploads\/2020\/07\/mocidade-2.jpeg 1152w\" sizes=\"(max-width: 1024px) 100vw, 1024px\" \/><\/figure><div class=\"wp-block-media-text__content\">\n<p class=\"has-medium-font-size\"><strong>A MESSEL \u00e9 um grupo que se re\u00fane periodicamente aos s\u00e1bados das 16h \u00e0s 17h com participa\u00e7\u00e3o de jovens de 15 at\u00e9 29 anos podendo haver uma flexibiliza\u00e7\u00e3o em rela\u00e7\u00e3o a idade. Pelo princ\u00edpio de solidariedade, o grupo desenvolve atividades com base na ideia de que o conhecimento se constr\u00f3i um com o outro, permitindo os participantes integrarem pr\u00e1ticas e caracter\u00edsticas de um grupo mais amplo.<\/strong><\/p>\n<\/div><\/div>\n\n\n\n<div class=\"wp-block-media-text alignwide is-stacked-on-mobile\"><figure class=\"wp-block-media-text__media\"><img loading=\"lazy\" decoding=\"async\" width=\"1024\" height=\"768\" src=\"http:\/\/cesearadeluzsjc.org.br\/site2\/wp-content\/uploads\/2020\/07\/mocidade-1-1024x768.jpeg\" alt=\"\" class=\"wp-image-18681 size-full\" srcset=\"http:\/\/cesearadeluzsjc.org.br\/site2\/wp-content\/uploads\/2020\/07\/mocidade-1-1024x768.jpeg 1024w, http:\/\/cesearadeluzsjc.org.br\/site2\/wp-content\/uploads\/2020\/07\/mocidade-1-300x225.jpeg 300w, http:\/\/cesearadeluzsjc.org.br\/site2\/wp-content\/uploads\/2020\/07\/mocidade-1-768x576.jpeg 768w, http:\/\/cesearadeluzsjc.org.br\/site2\/wp-content\/uploads\/2020\/07\/mocidade-1.jpeg 1280w\" sizes=\"(max-width: 1024px) 100vw, 1024px\" \/><\/figure><div class=\"wp-block-media-text__content\">\n<p class=\"has-medium-font-size\"><strong>Nas assembleias com os demais departamentos do Centro, o departamento de mocidade tem o intuito de apresentar suas propostas para a intera\u00e7\u00e3o e aprecia\u00e7\u00e3o dos outros departamentos, criando v\u00ednculos de compromisso, ajuda e participa\u00e7\u00e3o entre todos os trabalhadores da Casa.<\/strong><\/p>\n<\/div><\/div>\n","protected":false},"excerpt":{"rendered":"<p>A Mocidade esp\u00edrita tem a finalidade de se reunir e estudar a Doutrina Esp\u00edrita de Kardec e temas da atualidade \u00e0 luz do espiritismo. Esse grupo conhecido como MESSEL (Mocidade Esp\u00edrita Seara de Luz), \u00e9 um departamento do Centro Esp\u00edrita Seara de Luz, no qual realiza encontros de estudos e desenvolve tarefas em prol do Centro e do desenvolvimento pessoal &#8230; <a title=\"MESSEL &#8211; Mocidade Esp\u00edrita seara de luz\" class=\"read-more\" href=\"http:\/\/cesearadeluzsjc.org.br\/index.php\/messel\/\" aria-label=\"Read more about MESSEL &#8211; Mocidade Esp\u00edrita seara de luz\">Read More<\/a><\/p>\n","protected":false},"author":1,"featured_media":0,"parent":0,"menu_order":0,"comment_status":"closed","ping_status":"closed","template":"","meta":{"footnotes":""},"_links":{"self":[{"href":"http:\/\/cesearadeluzsjc.org.br\/index.php\/wp-json\/wp\/v2\/pages\/18680"}],"collection":[{"href":"http:\/\/cesearadeluzsjc.org.br\/index.php\/wp-json\/wp\/v2\/pages"}],"about":[{"href":"http:\/\/cesearadeluzsjc.org.br\/index.php\/wp-json\/wp\/v2\/types\/page"}],"author":[{"embeddable":true,"href":"http:\/\/cesearadeluzsjc.org.br\/index.php\/wp-json\/wp\/v2\/users\/1"}],"replies":[{"embeddable":true,"href":"http:\/\/cesearadeluzsjc.org.br\/index.php\/wp-json\/wp\/v2\/comments?post=18680"}],"version-history":[{"count":5,"href":"http:\/\/cesearadeluzsjc.org.br\/index.php\/wp-json\/wp\/v2\/pages\/18680\/revisions"}],"predecessor-version":[{"id":19050,"href":"http:\/\/cesearadeluzsjc.org.br\/index.php\/wp-json\/wp\/v2\/pages\/18680\/revisions\/19050"}],"wp:attachment":[{"href":"http:\/\/cesearadeluzsjc.org.br\/index.php\/wp-json\/wp\/v2\/media?parent=18680"}],"curies":[{"name":"wp","href":"https:\/\/api.w.org\/{rel}","templated":true}]}}